-5*p + 184. What are the prime factors of p?
5, 7
Let p = 0 - -4. Suppose p*i - 3*b - 40 = 0, i - 4*b = 3 + 7. List the prime factors of i.
2, 5
Suppose -4*s = -6 - 10. Suppose s*i + 24 = 84. What are the prime factors of i?
3, 5
Let t(z) = 4*z + 17. Let w(s) = 4*s + 18. Let m(o) = 5*t(o) - 4*w(o). List the prime factors of m(7).
41
Let a(y) = 1 + 3*y + 1 - 9*y. Let f be a(-3). Suppose f + 10 = 3*z. List the prime factors of z.
2, 5
Let i be -1 - (0 - (-3 - -5)). Let y = i + 24. Let r = -15 + y. List the prime factors of r.
2, 5
Let a(x) = -3*x + 1. Let n be a(-1). Suppose 0 = -2*f + 2, n*c - 7 - 5 = 4*f. List the prime factors of c.
2
Suppose 7*q - 2*q = -10. Let t(r) = -18*r. What are the prime factors of t(q)?
2, 3
Let n(g) = 11*g**2 + 2*g - 3. Let c = -11 + 13. List the prime factors of n(c).
3, 5
Suppose -60 = -x - 3*x. List the prime factors of 159/x - (-4)/10.
11
Let m(d) = -3*d**3 + 3*d**2 + d + 1. What are the prime factors of m(-2)?
5, 7
Let z be (720/(-28))/((-6)/56). Suppose -2*f - 4*f = -z. What are the prime factors of f?
2, 5
Let t = 7 + -7. Suppose t*l + l + 2*n - 8 = 0, 0 = 4*l + 5*n - 20. Let r = 3 - l. What are the prime factors of r?
3
Let l(v) = -34*v + 1. List the prime factors of l(-1).
5, 7
Let h be (-190)/(-4)*(-12)/(-10). Suppose -4*x + x = -h. List the prime factors of x.
19
List the prime factors of 111/((3/(-9))/((-4)/12)).
3, 37
Let n(i) = 23*i - 4. What are the prime factors of n(3)?
5, 13
Let q(z) = z**2 - 2*z + 8. List the prime factors of q(0).
2
Let x = -303 + 532. List the prime factors of x.
229
Let b = 2 + 10. Let h be (-8)/b*150/(-4). Suppose -h = -4*w + 3. List the prime factors of w.
7
Suppose 62 = 2*w + 18. What are the prime factors of w?
2, 11
Let s(c) = 3*c + 2. Let x be 40/18 + (-4)/18. What are the prime factors of s(x)?
2
Let v(l) = -l - 8. Let h be v(-8). Suppose -3*r + h*r = -18. Suppose r = -2*a + 5*a. List the prime factors of a.
2
Suppose 8*h = 13*h - 165. What are the prime factors of h?
3, 11
What are the prime factors of (-4)/(-22) + (-680)/(-11)?
2, 31
Suppose -p + 5*p = l - 3, -64 = -4*l + 3*p. Let j = -28 - -56. Let x = j - l. List the prime factors of x.
3
Let g(v) = 2 - 4*v + 0 + 8*v. List the prime factors of g(7).
2, 3, 5
Suppose 8*i - 1336 - 64 = 0. List the prime factors of i.
5, 7
Suppose 5*r + g - 24 = 10, r - 4*g + 10 = 0. What are the prime factors of r?
2, 3
Let f(z) be the first derivative of -z**5/120 - z**4/24 - 2*z**3/3 - 1. Let b(j) be the third derivative of f(j). What are the prime factors of b(-4)?
3
Suppose 0*r - 5*r = h - 143, 2*h = -4*r + 118. List the prime factors of r.
2, 7
Let k = 0 - -2. Suppose 4*o = 12, k*w + 1 = -0*w + o. List the prime factors of (0 - -1)*8 + w.
3
List the prime factors of ((-123)/6)/((-2)/4).
41
Suppose 0 = -5*y + 4*y + 257. What are the prime factors of y?
257
Suppose -2*x + 3 = -3. Suppose x*l = 19 - 4. List the prime factors of l.
5
Suppose -4*f + 8 + 6 = -a, -4*a + 5*f - 12 = 0. Suppose 0 = a*g + 2*g. What are the prime factors of (10 - -9)/(1 + g)?
19
Let s(n) = 7*n**2 + 11*n - 26. What are the prime factors of s(6)?
2, 73
Suppose o + 20 = -4*p + p, -5*p + 3*o = 52. Let r(s) = 3*s - 3. Let x be r(2). Let l = x - p. What are the prime factors of l?
11
List the prime factors of 1/2 - (-5968)/32.
11, 17
Let a be 7 + -1 + -2 - -4. Let w(x) = x**2 - 3*x + 10. List the prime factors of w(a).
2, 5
Let x = -41 + 79. List the prime factors of x.
2, 19
Let k = 1 + 1. Suppose -2*n + 3*p = -14, -3 = -4*n + 2*p + 9. What are the prime factors of n + (-42)/(-3) - k?
13
Let y be -2 + 12 - 3/3. Let r(i) = i**2 - 7*i + 2. List the prime factors of r(y).
2, 5
Suppose i - 1 = -4*z + 6, -3*i = -5*z - 4. Suppose -i*s + 55 = 2*s. What are the prime factors of s?
11
List the prime factors of 328/6 + (-16)/24.
2, 3
Let g be (35/(-21))/(1/(-33)). Suppose 3*w - g = -2*w. List the prime factors of w.
11
Suppose a + 6 = 4*a. Suppose 51 = 5*m - 0*p + 2*p, -4*p = a*m - 14. List the prime factors of m.
11
Let r(h) = 7*h + 4. Let y be r(5). Suppose 0 = -3*i + 45 + y. Suppose -2*b + 4*b = i. List the prime factors of b.
2, 7
Suppose 18 = w - 4*w. Let t be 5/(-4) - w/(-8). List the prime factors of ((-171)/18)/(1/t).
19
Let x(l) = 2*l**2 - 12*l - 2. What are the prime factors of x(7)?
2, 3
List the prime factors of ((-6804)/39)/(-3) + (-4)/26.
2, 29
Suppose 0 = 4*b - 7*b + 5*p + 4, 5 = b + 2*p. Suppose 2*w - 14 = -2*k, 0*k + 4*k - 23 = -b*w. Suppose 0 = k*h - 28 + 8. List the prime factors of h.
2, 5
Let j = 73 + -17. What are the prime factors of j?
2, 7
Let a = 100 - 69. List the prime factors of a.
31
Let f(u) = 10*u**2. Suppose -o + j + j - 9 = 0, -j + 8 = 3*o. Suppose 2*q + o - 3 = -2*y, -2*y = -2*q - 2. What are the prime factors of f(y)?
2, 5
Suppose -16 = 4*i, -2*i - 104 = -4*x - 0*x. List the prime factors of x.
2, 3
What are the prime factors of (-8)/(-10)*170/4?
2, 17
Let w be 4 - (18*-2 - 2). Let g = w - 5. What are the prime factors of g?
37
List the prime factors of 8/6*153/2.
2, 3, 17
Let l be (-4)/(-6)*12/(-8). Let o(v) = 5*v**3 + 2*v**2 - 2*v + 1. Let d be o(1). List the prime factors of d/(6*l/(-8)).
2
What are the prime factors of (-1 + (-6)/(-15))*-295 + -1?
2, 11
Suppose z = 24 + 58. What are the prime factors of z?
2, 41
Suppose 14*y - 18*y = -1056. List the prime factors of y.
2, 3, 11
Let t = -25 - -43. List the prime factors of t.
2, 3
Let w(n) = -7*n - 11. Let t(s) = 2*s + 4. Let u(j) = -17*t(j) - 6*w(j). What are the prime factors of u(1)?
2, 3
Let r be (11/2)/((-3)/(-6)). Let m = -2 + r. List the prime factors of m.
3
Let a(n) = -n**3 + n**2 - n - 1. Let b(d) = 5*d**3 - 2*d**2 + 4*d + 4. Let x(k) = -3*a(k) - b(k). List the prime factors of x(-2).
13
Suppose -5*w + 16 = -3*w. Suppose 0*z - 4*z = -w. What are the prime factors of z/(-7) + (-363)/(-21)?
17
Let i be 6 + 0 + (-1 - -3). Let g = i - 4. Let q = g + 4. What are the prime factors of q?
2
Let k(d) be the second derivative of 5*d**3/6 - 3*d**2/2 + d. Let t = -6 - -8. What are the prime factors of k(t)?
7
Let t be -93*(-4)/36*-3. What are the prime factors of 1*(-4 + 3 - t)?
2, 3, 5
Let s(a) = a**2 + 7*a + 8. Let d be s(-6). Suppose 0*g = -d*g + 12. List the prime factors of g.
2, 3
Let y = 28 + -28. Suppose -3*r + 38 = g, -r = g - y*r - 42. List the prime factors of g.
2, 11
Suppose u + 5*g - 13 = 2*g, -2*u = 3*g - 17. Suppose 0 = -3*t + 13 - u. Let b = t - -7. List the prime factors of b.
2, 5
Suppose -2*h + 50 = -2*o - 3*o, -h + 28 = -4*o. Let v = -16 + h. List the prime factors of v.
2
Suppose 1278 = 5*h + 3*a, -4*h - 3*a = -370 - 653. List the prime factors of h.
3, 5, 17
Let p = 6 - -17. What are the prime factors of p?
23
Let h = 13 + -8. Suppose 0 = -0*a - a - 3*k + 11, h*k + 10 = 0. List the prime factors of a.
17
Let s be -1*1*(12 + -7). List the prime factors of 20/s*-3*1.
2, 3
Suppose u = -2*v + 11 + 13, -5*v - 3*u = -60. List the prime factors of (-8)/v + 29/3.
3
Let t = 476 + -212. List the prime factors of t.
2, 3, 11
Suppose 174 = 4*i + 3*u, 0 = -i - 0*i - u + 44. List the prime factors of i.
2, 3, 7
Let z(u) = 6*u**2 - u - 2. Let o be z(-2). Suppose 6 = -3*p + o. What are the prime factors of p?
2, 3
Suppose -1 + 42 = m. What are the prime factors of m?
41
Let w(a) = -2*a + 2. List the prime factors of w(-17).
2, 3
Let d = 9 + -229. List the prime factors of (-1)/2 + d/(-8).
3
Let g = -5 - -8. Suppose -4*l + g*j - 6 = -68, 6 = 3*j. What are the prime factors of l?
17
Let b = -9 - -18. Suppose 2*l + 2*l - 60 = 0. Suppose 0*m + 3*y = m - l, 0 = -3*m - 3*y + b. List the prime factors of m.
2, 3
Let s be 6/9 - 13/(-3). Suppose -s*d + 67 - 11 = 2*x, -5*x = -5*d + 35. Suppose -w - d = -6*w. What are the prime factors of w?
2
Let f = -10 + 10. Suppose -2*c + f*o = -2*o - 50, 3*c + 4*o = 96. What are the prime factors of c?
2, 7
Let f = -15 + 23. Let s(w) = 2*w + 1. What are the prime factors of s(f)?
17
Let j = 11 - 0. Suppose -1 - j = 2*d. What are the prime factors of ((-2)/d)/((-7)/(-315))?
3, 5
Let b(v) = 7*v**2 - 10*v + 1. Let n(c) = 3*c**2 - 5*c + 1. Let a(g) = 2*b(g) - 5*n(g). What are the prime factors of a(3)?
3
Suppose 6*h - 4*h + c - 48 = 0, 0 = h - 2*c - 14. What are the prime factors of h?
2, 11
Let z = -176 + 274. List the prime factors of z.
2, 7
Let p(q)